) = -4*r + 3*r**2 + r - x + 5*r. What are the prime factors of q(1)?
2
Let i(g) = 4 - 1 + 7*g**2 - 3*g**3 - 5 + 2*g + 2*g**3. List the prime factors of i(7).
2, 3
Suppose 5*t - 10 = -0*t - 5*l, 4*t = -l + 8. What are the prime factors of t?
2
Let y = 5 + -3. Suppose 4*c - 34 = -y. List the prime factors of c.
2
Let g(x) = -x**2 - 9*x + 7. Let a be g(-10). Let l be (a/(-2))/(3/(-18)). Let t(f) = f**2 + 9*f + 13. What are the prime factors of t(l)?
13
Let v = 17 + -29. List the prime factors of ((-18)/12)/(2/v).
3
Let i(b) = 2*b**2 + 2*b + 3. Let g be 26/4 + 3/(-2). Suppose 0 = -3*t + g*d - 21, -4*t + 0*d = -5*d + 23. What are the prime factors of i(t)?
7
Let k(m) = -m**3 - 3*m**2 - m. Suppose -2*w - 48 = -6*w. Let b = 9 - w. What are the prime factors of k(b)?
3
Let y(m) = -m**2 - 7*m + 6. Let x be y(-7). Let i(a) = a - 6. Let o be i(x). Suppose u = -o*u + 8. What are the prime factors of u?
2
Suppose 5*j = 343 - 58. What are the prime factors of j?
3, 19
Let a(j) = -j**3 - 10*j**2 - 6*j + 4. Let y be a(-9). Let u = y + 45. List the prime factors of u.
2, 11
Suppose -3*o = -7*o + 16. Let z(q) be the third derivative of q**4/12 + 2*q**2. List the prime factors of z(o).
2
Let h(u) = -u**2 - 7*u - 3. Let w = 2 + -8. Let s be h(w). Suppose o - s = -2*i, 0*i + 2*i - 55 = -5*o. List the prime factors of o.
13
Suppose -4*d + 9 = -d. Suppose -p - d*g + 43 = 0, -2*p + g + 2*g + 50 = 0. Suppose -2*h - h + 19 = s, p = 5*h + s. List the prime factors of h.
2, 3
Let y be 2*-3*(9 + -7). Let n = y - -28. What are the prime factors of n?
2
Let u = 24 - 40. Let q = 35 + u. What are the prime factors of q?
19
Let b = -11 + 11. Suppose 2*s + 11 + 49 = b. Let w = s + 51. What are the prime factors of w?
3, 7
Let v = 39 - 13. Suppose v = 4*g - 3*f, -3*g - f + 18 = -4*f. Suppose 3*s = 2*s + g. List the prime factors of s.
2
Let o = 61 - 36. List the prime factors of o.
5
Let f(i) = -i**2 + 6*i + 8. Let g be f(6). Suppose 2*m - 4*m + g = 0. Suppose -m = -3*r + r. What are the prime factors of r?
2
Suppose -364 = -2*i - 6*f + 5*f, 2*f + 172 = i. What are the prime factors of i?
2, 3, 5
Let k(r) = r**2 - 2*r - 6. Let l = 9 + -13. Let d be k(l). Let c = 30 - d. List the prime factors of c.
2, 3
Suppose -2*q + 139 = 2*x - 43, -q + 3*x + 75 = 0. List the prime factors of q.
3, 29
Let h(l) = l**2 + 9*l - 5. Let m(i) = i**2 - 9*i + 8. Let s be m(6). Let d be h(s). Suppose 47 = d*u + 3*p, u + 4*p = -u + 30. What are the prime factors of u?
7
Let x(d) = d + 7. Let z be x(-5). Suppose -6 = -z*t - q, 0 = 4*t - 2*q + q - 12. Suppose 2*f - t*b - 14 = -b, -3*b - 30 = -4*f. What are the prime factors of f?
3
Let f be (6 - 5) + (-2 - -1). Suppose -5*p = 4*a + 103, -2*a = -f*a + 5*p + 59. Let j = a - -36. What are the prime factors of j?
2, 7
Suppose h - 13 = -3*j - 42, 50 = -5*h + 4*j. List the prime factors of h/21 - 22/(-6).
3
Suppose -1210 = -5*v - 5*j, 5*v - j = 135 + 1075. What are the prime factors of v?
2, 11
Suppose -4*j + 684 = -j. List the prime factors of j.
2, 3, 19
Suppose v = -2*v + 12, -4*h + 52 = 5*v. Suppose -4*f + 60 = f. Let o = f - h. What are the prime factors of o?
2
What are the prime factors of (-1385)/(-25) + (-8)/20?
5, 11
Let g(f) = 2*f + 36. List the prime factors of g(13).
2, 31
Let j(y) be the third derivative of y**5/60 - y**4/24 + y**3/3 - 3*y**2. What are the prime factors of j(2)?
2
Suppose -22 = t - 2*t + 5*k, -2*t + 12 = -2*k. What are the prime factors of -1*(-4 - 0) - t?
2
Suppose s = -8*s + 1746. What are the prime factors of s?
2, 97
List the prime factors of (2320/(-28) + 2/(-14))/(-1).
83
Let i = 1 - 3. What are the prime factors of (i/6)/((-2)/42)?
7
Let l = 67 - 33. What are the prime factors of l?
2, 17
What are the prime factors of (-5)/(-2*5/80)?
2, 5
Let c(r) = 2*r + 1. Let h be c(1). Suppose 3*a - 4*a = h*t - 21, 24 = 3*t + 2*a. List the prime factors of t.
2, 3
What are the prime factors of (-5)/(-15) - 23/(-3)?
2
Let m(l) = 2*l + 32. Let u be (-2 + -1)/(-1) - 3. What are the prime factors of m(u)?
2
Let g be 5/((-15)/(-6))*25. Let v be 4/(-16) - g/(-8). What are the prime factors of 63/v + 9/6?
2, 3
Let d = 4 - 4. Suppose -3*s - 2*r - 2 = d, s + 3*r + 2 = -4*s. Suppose -s*t + 5*t = 24. What are the prime factors of t?
2
Let q = 119 - -56. List the prime factors of q.
5, 7
Suppose -45 = 2*i + 1. List the prime factors of i/(-2)*(-12)/(-6).
23
Let d be (2/7)/((-2)/(-14)). Suppose f + d + 3 = 0. Let q = 7 - f. List the prime factors of q.
2, 3
Let z = 501 + -268. List the prime factors of z.
233
Suppose -2*q = 4*y - 26, -2*q - 71 = -4*q + 5*y. List the prime factors of q.
23
Let w be (0 - -1*2) + 0. Suppose -w*s = -4*s + 8. What are the prime factors of s?
2
Suppose -6 = -s + 3*h, 0 = -4*s - s + 5*h + 20. Let d be 3 + 3/s + -1. Suppose -4*k = -d*l + 53, 2*l + 2*k = 4*k + 32. List the prime factors of l.
11
Suppose 5*m + 5*p - 52 = 103, -m = -2*p - 25. Suppose -3*b = -2 - 22. Suppose 3*i + b = m. What are the prime factors of i?
7
Let f = 164 + -6. What are the prime factors of f?
2, 79
Let x(i) = i**3 + 11*i**2 - 14*i + 10. Let v(a) = a**3 + 13*a**2 + 12*a - 12. Let n be v(-12). List the prime factors of x(n).
2, 17
Let i = -8 + 19. Let n = 17 - i. What are the prime factors of n?
2, 3
Suppose 0*b + b - 21 = 0. Let d = b - 12. Suppose -d = -2*s + 3. What are the prime factors of s?
2, 3
What are the prime factors of -2 + 12 + 3 + -2?
11
Let m(t) = -2*t + 4. Let z(l) = 6*l - 13. Let d(g) = -7*m(g) - 2*z(g). Let r be d(5). List the prime factors of 102/8 - (-2)/r.
13
Suppose 0 = 5*z - u - 419, 0*z + 336 = 4*z - u. List the prime factors of z.
83
Let q be (-6)/9 + (-178)/3. Let s = -33 - q. List the prime factors of s.
3
Suppose 5*o = -0*o + 20. Suppose -4*c = 4*p - c - 13, -o*c - 16 = -3*p. Let y = p - 1. What are the prime factors of y?
3
Let i = -6 + 11. Suppose -i*l + 5*w + 15 = 0, 0 = -2*l + w - 0 + 6. What are the prime factors of l?
3
Let y = -1 + 5. Suppose -22 = -y*w + 22. Suppose x - 9 = w. List the prime factors of x.
2, 5
Let w = -64 - -91. What are the prime factors of w?
3
Let b(y) be the second derivative of y**5/30 + y**4/8 + y**3/6 + 3*y**2/2 + 4*y. Let z(g) be the first derivative of b(g). List the prime factors of z(-3).
2, 5
Let t be (-3)/(4/(32/(-12))). Suppose -6 = t*c, 0*c - c = -3*o + 126. What are the prime factors of o?
41
Suppose -z + 4*v = -38, -3*v + 5*v = -3*z + 170. What are the prime factors of z?
2, 3
Let j = 32 + -27. What are the prime factors of j?
5
Let r = 142 + -89. Let i = -28 + r. List the prime factors of i.
5
Suppose 0*r = 2*r + 66. Let u = 23 + r. List the prime factors of ((-12)/u)/((-9)/(-60)).
2
Suppose 0*i = -3*i. Suppose -4*l - 44 + 152 = i. List the prime factors of l.
3
Let i be ((-1)/2)/((-1)/28). Suppose 0*d - d + n = 5, -4*d - i = 2*n. Let u(l) = -l + 2. What are the prime factors of u(d)?
2, 3
Suppose -k + 30 = -4*k. Let o be k/(-8)*12/(-3). Let l = -2 - o. List the prime factors of l.
3
Let y(o) = 7*o**2 - 2*o + 1. What are the prime factors of y(1)?
2, 3
Let o be -1 - ((-4)/2 + -1). Suppose -2*j - 3*x = -o*x - 20, -52 = -4*j + 4*x. What are the prime factors of j?
11
Suppose -4*c - 2 = 2*m - 8, 5*m = -c + 6. Let i be (c/3)/(1/6). Let b = 5 - i. What are the prime factors of b?
3
Let o(l) = l + 4. Suppose c - 2*s + 4*s = 12, -3*c - 5*s + 32 = 0. Let d be o(c). Let h = 17 - d. What are the prime factors of h?
3
List the prime factors of 23 - (-1 + 0) - 2.
2, 11
Suppose 7*w - 2*w = 55. Suppose 1 + w = 3*m. List the prime factors of m.
2
Suppose -5*k - 2 = -4*k. What are the prime factors of 39/3 + 1 + k?
2, 3
Let l = 38 + -27. What are the prime factors of l?
11
Let s(x) = -x**3 + 5*x**2 + 2*x. What are the prime factors of s(5)?
2, 5
Suppose 2*b = 2*z + 64, 0*b + 27 = -z + 2*b. Let k = z - -26. Let i = k - -20. List the prime factors of i.
3
Suppose 3*b - 13 = 14. Let j be 6/2*(-6)/b. List the prime factors of (j/(-5))/(4/140).
2, 7
Suppose -3*x + 34 = -146. Suppose -4*h + x = h. What are the prime factors of h?
2, 3
Let c = -14 + 70. List the prime factors of c.
2, 7
Suppose 16 - 28 = -4*v. Suppose 3*r + 160 = 5*c, 2*r - 77 = -v*c + 19. What are the prime factors of c?
2
Suppose 3*q - 188 = -0*q + 4*d, -q + 67 = 3*d. List the prime factors of q.
2
Let g = -173 - -248. Let c = g 